{"id":167,"date":"2026-04-18T10:46:22","date_gmt":"2026-04-18T08:46:22","guid":{"rendered":"http:\/\/christanell.2k-media.de\/?page_id=167"},"modified":"2026-04-27T02:19:05","modified_gmt":"2026-04-27T00:19:05","slug":"interview","status":"publish","type":"page","link":"https:\/\/christanell.2k-media.de\/de\/interview\/","title":{"rendered":"Interview"},"content":{"rendered":"\t\t<div data-elementor-type=\"wp-page\" data-elementor-id=\"167\" class=\"elementor elementor-167\">\n\t\t\t\t\t\t<section class=\"elementor-section elementor-top-section elementor-element elementor-element-cbfc8b1 elementor-section-stretched elementor-section-boxed elementor-section-height-default elementor-section-height-default wpr-particle-no wpr-jarallax-no wpr-parallax-no wpr-sticky-section-no wpr-equal-height-no\" data-id=\"cbfc8b1\" data-element_type=\"section\" data-e-type=\"section\" data-settings=\"{&quot;stretch_section&quot;:&quot;section-stretched&quot;,&quot;background_background&quot;:&quot;classic&quot;}\">\n\t\t\t\t\t\t<div class=\"elementor-container elementor-column-gap-wider\">\n\t\t\t\t\t<div class=\"elementor-column elementor-col-100 elementor-top-column elementor-element elementor-element-680e8d1\" data-id=\"680e8d1\" data-element_type=\"column\" data-e-type=\"column\">\n\t\t\t<div class=\"elementor-widget-wrap elementor-element-populated\">\n\t\t\t\t\t\t<div class=\"elementor-element elementor-element-d8e2e98 elementor-widget elementor-widget-heading\" data-id=\"d8e2e98\" data-element_type=\"widget\" data-e-type=\"widget\" data-widget_type=\"heading.default\">\n\t\t\t\t\t<h2 class=\"elementor-heading-title elementor-size-default\">Interview<\/h2>\t\t\t\t<\/div>\n\t\t\t\t<section class=\"elementor-section elementor-inner-section elementor-element elementor-element-f617f0a elementor-section-boxed elementor-section-height-default elementor-section-height-default wpr-particle-no wpr-jarallax-no wpr-parallax-no wpr-sticky-section-no wpr-equal-height-no\" data-id=\"f617f0a\" data-element_type=\"section\" data-e-type=\"section\">\n\t\t\t\t\t\t<div class=\"elementor-container elementor-column-gap-wider\">\n\t\t\t\t\t<div class=\"elementor-column elementor-col-50 elementor-inner-column elementor-element elementor-element-d7950e9\" data-id=\"d7950e9\" data-element_type=\"column\" data-e-type=\"column\" data-settings=\"{&quot;background_background&quot;:&quot;classic&quot;}\">\n\t\t\t<div class=\"elementor-widget-wrap elementor-element-populated\">\n\t\t\t\t\t\t<div class=\"elementor-element elementor-element-b43b05d elementor-widget elementor-widget-text-editor\" data-id=\"b43b05d\" data-element_type=\"widget\" data-e-type=\"widget\" data-widget_type=\"text-editor.default\">\n\t\t\t\t\t\t\t\t\t<p><span class=\"bilddown\"><strong>Wie lange arbeiten Sie schon in diesem Bereich und wie sind Sie zu einem Leadership Coach geworden?<\/strong><\/span><\/p><ul><li>Ich habe schon in meiner Jugend recht fr\u00fch gemerkt, dass das Zusammenarbeiten mit Menschen mir sehr viel bedeutet und habe dabei schon meine ersten Gehversuche in diesem Bereich gemacht.<\/li><li>Nach meinem Studium, als ich in die Berufswelt eingestiegen bin, habe ich wieder \u00e4hnliche Gef\u00fchle empfunden und den Wunsch nach dem starken, intensiven und empathischen Austausch mit Menschen wieder aufgegriffen und sehr stark in meiner beruflichen Karriere ausgelebt. Durch die jahrelange Aus\u00fcbung in den unterschiedlichen F\u00fchrungspositionen in verschiedenen Unternehmungen konnte ich viele Erfahrungen sammeln.<\/li><li>Diese Erfahrungen habe ich dann in weiterer Folge sehr stark an Freunde und Bekannte weitergeben k\u00f6nnen. Das Coaching wurde mehr und mehr ein fixer Bestandteil neben und in meinem Job. Den Wunsch, diesen Traum zu leben, habe ich weiterverfolgt und mit Anfang 2020 den Entschluss gefasst, mich voll und ganz darauf zu konzentrieren und diesen zu meinem Lebensmittelpunkt zu machen. Das Ziel ist es, anderen Menschen mit meiner langj\u00e4hrigen Expertise und Erfahrung hier etwas weiterzugeben. Selbstbewusst f\u00fchren, selbstsicher leben!<\/li><\/ul>\t\t\t\t\t\t\t\t<\/div>\n\t\t\t\t<div class=\"elementor-element elementor-element-3460c25 elementor-widget elementor-widget-text-editor\" data-id=\"3460c25\" data-element_type=\"widget\" data-e-type=\"widget\" data-widget_type=\"text-editor.default\">\n\t\t\t\t\t\t\t\t\t<p><strong>Wer genau z\u00e4hlt zu Ihren Kunden und Kundinnen?<\/strong><\/p><ul><li>Sie stehen mitten im Leben und (vielleicht) an einem Wendepunkt.<\/li><li>Sie brauchen eine berufliche oder private Ver\u00e4nderung und ben\u00f6tigen dabei einen Perspektivenwechsel. Es geht um die Betrachtungsweise aus einem anderen Blickwinkel.<\/li><li>Ihr Selbstbewusstsein sowie ihr Selbstwert sollen gest\u00e4rkt werden.<\/li><li>Sie sind bereit f\u00fcr eine Ver\u00e4nderung, stehen jedoch vor der Herausforderung, es alleine nicht zu schaffen.<\/li><\/ul>\t\t\t\t\t\t\t\t<\/div>\n\t\t\t\t<div class=\"elementor-element elementor-element-b3da5aa elementor-widget elementor-widget-text-editor\" data-id=\"b3da5aa\" data-element_type=\"widget\" data-e-type=\"widget\" data-widget_type=\"text-editor.default\">\n\t\t\t\t\t\t\t\t\t<p><strong>Was wird von mir speziell als Kundin erwartet?<\/strong><\/p><ul><li class=\"interviewtext\">Dass Sie so offen wie m\u00f6glich an die Sache herangehen. Sie wollen eine Ver\u00e4nderung, dann tragen Sie dadurch bei, dass Sie f\u00fcr vieles offen sind und Sie dadurch das komplette Repertoire erleben und aus dem Vollen sch\u00f6pfen!<\/li><\/ul>\t\t\t\t\t\t\t\t<\/div>\n\t\t\t\t<div class=\"elementor-element elementor-element-1addde4 elementor-widget elementor-widget-text-editor\" data-id=\"1addde4\" data-element_type=\"widget\" data-e-type=\"widget\" data-widget_type=\"text-editor.default\">\n\t\t\t\t\t\t\t\t\t<p><strong>F\u00fcr welche Art von Kunden und Kundinnen ist dieses Programm nicht geeignet?<\/strong><\/p><ul><li class=\"interviewtext\">Leute, die nicht bereit sind, sich zu ver\u00e4ndern. N\u00f6rgler, Raunzer, Leute, die Termine nicht einhalten, Leute, die ihre Hausaufgaben nicht machen.<\/li><\/ul>\t\t\t\t\t\t\t\t<\/div>\n\t\t\t\t<div class=\"elementor-element elementor-element-b0b1556 elementor-widget elementor-widget-text-editor\" data-id=\"b0b1556\" data-element_type=\"widget\" data-e-type=\"widget\" data-widget_type=\"text-editor.default\">\n\t\t\t\t\t\t\t\t\t<p><strong>Wie unterscheiden Sie sich von anderen Leadership Coaches?<\/strong><\/p><ul><li class=\"interviewtext\">Vom Erstgespr\u00e4ch an ist es meine Kunst, in sehr kurzer Zeit meine Kunden zu gewinnen und ein Vertrauensverh\u00e4ltnis aufzubauen.<\/li><li class=\"interviewtext\">Mit all meinen Kunden und Kundinnen herrscht eine Gespr\u00e4chsf\u00fchrung auf Augenh\u00f6he \u2013 egal wer mir gegen\u00fcbersteht.<\/li><li class=\"interviewtext\">Ich besitze die F\u00e4higkeit, mich in das Gegen\u00fcber hineinzuversetzen, und bin in der Lage, die Welt aus der anderen Perspektive zu betrachten. Ich h\u00f6re die unausgesprochenen Fragen und erfasse auf intuitive Weise die Bed\u00fcrfnisse der Kunden und Kundinnen. Selbstverst\u00e4ndlich bin ich dank meiner Beobachtungsgabe auch in der Lage, produktive Arbeitsteams zusammenzustellen.<\/li><li class=\"interviewtext\">Das bedeutet, dass ich mich voll und ganz auf das Gegen\u00fcber konzentriere.<\/li><li class=\"interviewtext\">Ich helfe dabei, Unsicherheit und \u00c4ngste zu \u00fcberwinden und aufzul\u00f6sen, damit meine Kunden und Kundinnen beruflich und privat ihr Leben wieder selbstsicherer f\u00fchren und selbstbewusst und gl\u00fccklich leben.<\/li><li class=\"interviewtext\">Pers\u00f6nlich an der Hand zu nehmen und zu begleiten.<\/li><\/ul>\t\t\t\t\t\t\t\t<\/div>\n\t\t\t\t<div class=\"elementor-element elementor-element-781de5c elementor-widget elementor-widget-text-editor\" data-id=\"781de5c\" data-element_type=\"widget\" data-e-type=\"widget\" data-widget_type=\"text-editor.default\">\n\t\t\t\t\t\t\t\t\t<p><strong>Mit welcher Art von Pers\u00f6nlichkeit arbeiten Sie am besten?<\/strong><\/p><ul><li class=\"interviewtext\">Ich arbeite am liebsten mit Menschen, die offen sind. Menschen, die offen sind, sind meist auch bereit, rascher eine Ver\u00e4nderung zuzulassen.<\/li><li class=\"interviewtext\">Menschen, die sich schwerer tun, sich zu \u00f6ffnen, sind f\u00fcr mich eine gern gesehene Herausforderung.<\/li><li class=\"interviewtext\">Von Vorteil ist, wenn Kunden sich mir anvertrauen. Je rascher eine gute pers\u00f6nliche Ebene gefunden wird, desto besser und intensiver kann gearbeitet werden.<\/li><\/ul>\t\t\t\t\t\t\t\t<\/div>\n\t\t\t\t<div class=\"elementor-element elementor-element-708f550 elementor-widget elementor-widget-text-editor\" data-id=\"708f550\" data-element_type=\"widget\" data-e-type=\"widget\" data-widget_type=\"text-editor.default\">\n\t\t\t\t\t\t\t\t\t<p><strong>Welche Ergebnisse kann ich mir davon erwarten bzw. was genau habe ich davon?<\/strong><\/p><ul><li class=\"interviewtext\">Eine Ver\u00e4nderung in Ihrem Leben. Ich zeige Ihnen M\u00f6glichkeiten auf und f\u00fchre Sie an diese heran. Sie selbst entscheiden selbstbewusst, wohin Sie gehen m\u00f6chten und welche Ver\u00e4nderungen Sie einleiten wollen.<\/li><li class=\"interviewtext\">St\u00e4rkung Ihres Selbstwertes<\/li><li class=\"interviewtext\">Durch die neuen Ergebnisse der Ver\u00e4nderungen f\u00fchren Sie ein gl\u00fccklicheres und zufriedeneres Leben.<\/li><\/ul>\t\t\t\t\t\t\t\t<\/div>\n\t\t\t\t\t<\/div>\n\t\t<\/div>\n\t\t\t\t<div class=\"elementor-column elementor-col-50 elementor-inner-column elementor-element elementor-element-ce48bbe\" data-id=\"ce48bbe\" data-element_type=\"column\" data-e-type=\"column\" data-settings=\"{&quot;background_background&quot;:&quot;classic&quot;}\">\n\t\t\t<div class=\"elementor-widget-wrap elementor-element-populated\">\n\t\t\t\t\t\t<div class=\"elementor-element elementor-element-322d5e9 elementor-widget elementor-widget-spacer\" data-id=\"322d5e9\" data-element_type=\"widget\" data-e-type=\"widget\" data-widget_type=\"spacer.default\">\n\t\t\t\t\t\t\t<div class=\"elementor-spacer\">\n\t\t\t<div class=\"elementor-spacer-inner\"><\/div>\n\t\t<\/div>\n\t\t\t\t\t\t<\/div>\n\t\t\t\t\t<\/div>\n\t\t<\/div>\n\t\t\t\t\t<\/div>\n\t\t<\/section>\n\t\t\t\t\t<\/div>\n\t\t<\/div>\n\t\t\t\t\t<\/div>\n\t\t<\/section>\n\t\t\t\t<section class=\"elementor-section elementor-top-section elementor-element elementor-element-ee278ae elementor-section-content-middle elementor-section-stretched elementor-section-full_width elementor-section-height-default elementor-section-height-default wpr-particle-no wpr-jarallax-no wpr-parallax-no wpr-sticky-section-no wpr-equal-height-no\" data-id=\"ee278ae\" data-element_type=\"section\" data-e-type=\"section\" data-settings=\"{&quot;stretch_section&quot;:&quot;section-stretched&quot;,&quot;background_background&quot;:&quot;classic&quot;}\">\n\t\t\t\t\t\t<div class=\"elementor-container elementor-column-gap-default\">\n\t\t\t\t\t<div class=\"elementor-column elementor-col-100 elementor-top-column elementor-element elementor-element-15dbbe0\" data-id=\"15dbbe0\" data-element_type=\"column\" data-e-type=\"column\">\n\t\t\t<div class=\"elementor-widget-wrap elementor-element-populated\">\n\t\t\t\t\t\t<div class=\"elementor-element elementor-element-b9690f4 elementor-widget elementor-widget-spacer\" data-id=\"b9690f4\" data-element_type=\"widget\" data-e-type=\"widget\" data-widget_type=\"spacer.default\">\n\t\t\t\t\t\t\t<div class=\"elementor-spacer\">\n\t\t\t<div class=\"elementor-spacer-inner\"><\/div>\n\t\t<\/div>\n\t\t\t\t\t\t<\/div>\n\t\t\t\t\t<\/div>\n\t\t<\/div>\n\t\t\t\t\t<\/div>\n\t\t<\/section>\n\t\t\t\t<\/div>\n\t\t","protected":false},"excerpt":{"rendered":"<p>Interview Wie lange arbeiten Sie schon in diesem Bereich und wie sind Sie zu einem Leadership Coach geworden? Ich habe schon in meiner Jugend recht fr\u00fch<span class=\"excerpt-hellip\"> [\u2026]<\/span><\/p>\n","protected":false},"author":1,"featured_media":0,"parent":0,"menu_order":0,"comment_status":"open","ping_status":"closed","template":"","meta":{"footnotes":""},"class_list":["post-167","page","type-page","status-publish","hentry"],"acf":[],"_links":{"self":[{"href":"https:\/\/christanell.2k-media.de\/de\/wp-json\/wp\/v2\/pages\/167","targetHints":{"allow":["GET"]}}],"collection":[{"href":"https:\/\/christanell.2k-media.de\/de\/wp-json\/wp\/v2\/pages"}],"about":[{"href":"https:\/\/christanell.2k-media.de\/de\/wp-json\/wp\/v2\/types\/page"}],"author":[{"embeddable":true,"href":"https:\/\/christanell.2k-media.de\/de\/wp-json\/wp\/v2\/users\/1"}],"replies":[{"embeddable":true,"href":"https:\/\/christanell.2k-media.de\/de\/wp-json\/wp\/v2\/comments?post=167"}],"version-history":[{"count":57,"href":"https:\/\/christanell.2k-media.de\/de\/wp-json\/wp\/v2\/pages\/167\/revisions"}],"predecessor-version":[{"id":1177,"href":"https:\/\/christanell.2k-media.de\/de\/wp-json\/wp\/v2\/pages\/167\/revisions\/1177"}],"wp:attachment":[{"href":"https:\/\/christanell.2k-media.de\/de\/wp-json\/wp\/v2\/media?parent=167"}],"curies":[{"name":"wp","href":"https:\/\/api.w.org\/{rel}","templated":true}]}}

<div data-elementor-type="wp-page" data-elementor-id="167" class="elementor elementor-167">
						<section class="elementor-section elementor-top-section elementor-element elementor-element-cbfc8b1 elementor-section-stretched elementor-section-boxed elementor-section-height-default elementor-section-height-default wpr-particle-no wpr-jarallax-no wpr-parallax-no wpr-sticky-section-no wpr-equal-height-no" data-id="cbfc8b1" data-element_type="section" data-e-type="section" data-settings="{&quot;stretch_section&quot;:&quot;section-stretched&quot;,&quot;background_background&quot;:&quot;classic&quot;}">
						<div class="elementor-container elementor-column-gap-wider">
					<div class="elementor-column elementor-col-100 elementor-top-column elementor-element elementor-element-680e8d1" data-id="680e8d1" data-element_type="column" data-e-type="column">
			<div class="elementor-widget-wrap elementor-element-populated">
						<div class="elementor-element elementor-element-d8e2e98 elementor-widget elementor-widget-heading" data-id="d8e2e98" data-element_type="widget" data-e-type="widget" data-widget_type="heading.default">
					<h2 class="elementor-heading-title elementor-size-default">Interview</h2>				</div>
				<section class="elementor-section elementor-inner-section elementor-element elementor-element-f617f0a elementor-section-boxed elementor-section-height-default elementor-section-height-default wpr-particle-no wpr-jarallax-no wpr-parallax-no wpr-sticky-section-no wpr-equal-height-no" data-id="f617f0a" data-element_type="section" data-e-type="section">
						<div class="elementor-container elementor-column-gap-wider">
					<div class="elementor-column elementor-col-50 elementor-inner-column elementor-element elementor-element-d7950e9" data-id="d7950e9" data-element_type="column" data-e-type="column" data-settings="{&quot;background_background&quot;:&quot;classic&quot;}">
			<div class="elementor-widget-wrap elementor-element-populated">
						<div class="elementor-element elementor-element-b43b05d elementor-widget elementor-widget-text-editor" data-id="b43b05d" data-element_type="widget" data-e-type="widget" data-widget_type="text-editor.default">
									<p><span class="bilddown"><strong>Wie lange arbeiten Sie schon in diesem Bereich und wie sind Sie zu einem Leadership Coach geworden?</strong></span></p><ul><li>Ich habe schon in meiner Jugend recht früh gemerkt, dass das Zusammenarbeiten mit Menschen mir sehr viel bedeutet und habe dabei schon meine ersten Gehversuche in diesem Bereich gemacht.</li><li>Nach meinem Studium, als ich in die Berufswelt eingestiegen bin, habe ich wieder ähnliche Gefühle empfunden und den Wunsch nach dem starken, intensiven und empathischen Austausch mit Menschen wieder aufgegriffen und sehr stark in meiner beruflichen Karriere ausgelebt. Durch die jahrelange Ausübung in den unterschiedlichen Führungspositionen in verschiedenen Unternehmungen konnte ich viele Erfahrungen sammeln.</li><li>Diese Erfahrungen habe ich dann in weiterer Folge sehr stark an Freunde und Bekannte weitergeben können. Das Coaching wurde mehr und mehr ein fixer Bestandteil neben und in meinem Job. Den Wunsch, diesen Traum zu leben, habe ich weiterverfolgt und mit Anfang 2020 den Entschluss gefasst, mich voll und ganz darauf zu konzentrieren und diesen zu meinem Lebensmittelpunkt zu machen. Das Ziel ist es, anderen Menschen mit meiner langjährigen Expertise und Erfahrung hier etwas weiterzugeben. Selbstbewusst führen, selbstsicher leben!</li></ul>								</div>
				<div class="elementor-element elementor-element-3460c25 elementor-widget elementor-widget-text-editor" data-id="3460c25" data-element_type="widget" data-e-type="widget" data-widget_type="text-editor.default">
									<p><strong>Wer genau zählt zu Ihren Kunden und Kundinnen?</strong></p><ul><li>Sie stehen mitten im Leben und (vielleicht) an einem Wendepunkt.</li><li>Sie brauchen eine berufliche oder private Veränderung und benötigen dabei einen Perspektivenwechsel. Es geht um die Betrachtungsweise aus einem anderen Blickwinkel.</li><li>Ihr Selbstbewusstsein sowie ihr Selbstwert sollen gestärkt werden.</li><li>Sie sind bereit für eine Veränderung, stehen jedoch vor der Herausforderung, es alleine nicht zu schaffen.</li></ul>								</div>
				<div class="elementor-element elementor-element-b3da5aa elementor-widget elementor-widget-text-editor" data-id="b3da5aa" data-element_type="widget" data-e-type="widget" data-widget_type="text-editor.default">
									<p><strong>Was wird von mir speziell als Kundin erwartet?</strong></p><ul><li class="interviewtext">Dass Sie so offen wie möglich an die Sache herangehen. Sie wollen eine Veränderung, dann tragen Sie dadurch bei, dass Sie für vieles offen sind und Sie dadurch das komplette Repertoire erleben und aus dem Vollen schöpfen!</li></ul>								</div>
				<div class="elementor-element elementor-element-1addde4 elementor-widget elementor-widget-text-editor" data-id="1addde4" data-element_type="widget" data-e-type="widget" data-widget_type="text-editor.default">
									<p><strong>Für welche Art von Kunden und Kundinnen ist dieses Programm nicht geeignet?</strong></p><ul><li class="interviewtext">Leute, die nicht bereit sind, sich zu verändern. Nörgler, Raunzer, Leute, die Termine nicht einhalten, Leute, die ihre Hausaufgaben nicht machen.</li></ul>								</div>
				<div class="elementor-element elementor-element-b0b1556 elementor-widget elementor-widget-text-editor" data-id="b0b1556" data-element_type="widget" data-e-type="widget" data-widget_type="text-editor.default">
									<p><strong>Wie unterscheiden Sie sich von anderen Leadership Coaches?</strong></p><ul><li class="interviewtext">Vom Erstgespräch an ist es meine Kunst, in sehr kurzer Zeit meine Kunden zu gewinnen und ein Vertrauensverhältnis aufzubauen.</li><li class="interviewtext">Mit all meinen Kunden und Kundinnen herrscht eine Gesprächsführung auf Augenhöhe – egal wer mir gegenübersteht.</li><li class="interviewtext">Ich besitze die Fähigkeit, mich in das Gegenüber hineinzuversetzen, und bin in der Lage, die Welt aus der anderen Perspektive zu betrachten. Ich höre die unausgesprochenen Fragen und erfasse auf intuitive Weise die Bedürfnisse der Kunden und Kundinnen. Selbstverständlich bin ich dank meiner Beobachtungsgabe auch in der Lage, produktive Arbeitsteams zusammenzustellen.</li><li class="interviewtext">Das bedeutet, dass ich mich voll und ganz auf das Gegenüber konzentriere.</li><li class="interviewtext">Ich helfe dabei, Unsicherheit und Ängste zu überwinden und aufzulösen, damit meine Kunden und Kundinnen beruflich und privat ihr Leben wieder selbstsicherer führen und selbstbewusst und glücklich leben.</li><li class="interviewtext">Persönlich an der Hand zu nehmen und zu begleiten.</li></ul>								</div>
				<div class="elementor-element elementor-element-781de5c elementor-widget elementor-widget-text-editor" data-id="781de5c" data-element_type="widget" data-e-type="widget" data-widget_type="text-editor.default">
									<p><strong>Mit welcher Art von Persönlichkeit arbeiten Sie am besten?</strong></p><ul><li class="interviewtext">Ich arbeite am liebsten mit Menschen, die offen sind. Menschen, die offen sind, sind meist auch bereit, rascher eine Veränderung zuzulassen.</li><li class="interviewtext">Menschen, die sich schwerer tun, sich zu öffnen, sind für mich eine gern gesehene Herausforderung.</li><li class="interviewtext">Von Vorteil ist, wenn Kunden sich mir anvertrauen. Je rascher eine gute persönliche Ebene gefunden wird, desto besser und intensiver kann gearbeitet werden.</li></ul>								</div>
				<div class="elementor-element elementor-element-708f550 elementor-widget elementor-widget-text-editor" data-id="708f550" data-element_type="widget" data-e-type="widget" data-widget_type="text-editor.default">
									<p><strong>Welche Ergebnisse kann ich mir davon erwarten bzw. was genau habe ich davon?</strong></p><ul><li class="interviewtext">Eine Veränderung in Ihrem Leben. Ich zeige Ihnen Möglichkeiten auf und führe Sie an diese heran. Sie selbst entscheiden selbstbewusst, wohin Sie gehen möchten und welche Veränderungen Sie einleiten wollen.</li><li class="interviewtext">Stärkung Ihres Selbstwertes</li><li class="interviewtext">Durch die neuen Ergebnisse der Veränderungen führen Sie ein glücklicheres und zufriedeneres Leben.</li></ul>								</div>
					</div>
		</div>
				<div class="elementor-column elementor-col-50 elementor-inner-column elementor-element elementor-element-ce48bbe" data-id="ce48bbe" data-element_type="column" data-e-type="column" data-settings="{&quot;background_background&quot;:&quot;classic&quot;}">
			<div class="elementor-widget-wrap elementor-element-populated">
						<div class="elementor-element elementor-element-322d5e9 elementor-widget elementor-widget-spacer" data-id="322d5e9" data-element_type="widget" data-e-type="widget" data-widget_type="spacer.default">
							<div class="elementor-spacer">
			<div class="elementor-spacer-inner"></div>
		</div>
						</div>
					</div>
		</div>
					</div>
		</section>
					</div>
		</div>
					</div>
		</section>
				<section class="elementor-section elementor-top-section elementor-element elementor-element-ee278ae elementor-section-content-middle elementor-section-stretched elementor-section-full_width elementor-section-height-default elementor-section-height-default wpr-particle-no wpr-jarallax-no wpr-parallax-no wpr-sticky-section-no wpr-equal-height-no" data-id="ee278ae" data-element_type="section" data-e-type="section" data-settings="{&quot;stretch_section&quot;:&quot;section-stretched&quot;,&quot;background_background&quot;:&quot;classic&quot;}">
						<div class="elementor-container elementor-column-gap-default">
					<div class="elementor-column elementor-col-100 elementor-top-column elementor-element elementor-element-15dbbe0" data-id="15dbbe0" data-element_type="column" data-e-type="column">
			<div class="elementor-widget-wrap elementor-element-populated">
						<div class="elementor-element elementor-element-b9690f4 elementor-widget elementor-widget-spacer" data-id="b9690f4" data-element_type="widget" data-e-type="widget" data-widget_type="spacer.default">
							<div class="elementor-spacer">
			<div class="elementor-spacer-inner"></div>
		</div>
						</div>
					</div>
		</div>
					</div>
		</section>
				</div>

<p>Interview Wie lange arbeiten Sie schon in diesem Bereich und wie sind Sie zu einem Leadership Coach geworden? Ich habe schon in meiner Jugend recht früh<span class="excerpt-hellip"> […]</span></p>
