{"id":91,"date":"2026-04-15T23:28:14","date_gmt":"2026-04-15T21:28:14","guid":{"rendered":"http:\/\/christanell.2k-media.de\/?page_id=91"},"modified":"2026-04-27T02:15:02","modified_gmt":"2026-04-27T00:15:02","slug":"werdegang","status":"publish","type":"page","link":"https:\/\/christanell.2k-media.de\/de\/werdegang\/","title":{"rendered":"Werdegang"},"content":{"rendered":"\t\t<div data-elementor-type=\"wp-page\" data-elementor-id=\"91\" class=\"elementor elementor-91\">\n\t\t\t\t\t\t<section class=\"elementor-section elementor-top-section elementor-element elementor-element-cbfc8b1 elementor-section-stretched elementor-section-boxed elementor-section-height-default elementor-section-height-default wpr-particle-no wpr-jarallax-no wpr-parallax-no wpr-sticky-section-no wpr-equal-height-no\" data-id=\"cbfc8b1\" data-element_type=\"section\" data-e-type=\"section\" data-settings=\"{&quot;stretch_section&quot;:&quot;section-stretched&quot;,&quot;background_background&quot;:&quot;classic&quot;}\">\n\t\t\t\t\t\t<div class=\"elementor-container elementor-column-gap-wider\">\n\t\t\t\t\t<div class=\"elementor-column elementor-col-100 elementor-top-column elementor-element elementor-element-680e8d1\" data-id=\"680e8d1\" data-element_type=\"column\" data-e-type=\"column\">\n\t\t\t<div class=\"elementor-widget-wrap elementor-element-populated\">\n\t\t\t\t\t\t<div class=\"elementor-element elementor-element-4e59421 elementor-widget elementor-widget-heading\" data-id=\"4e59421\" data-element_type=\"widget\" data-e-type=\"widget\" data-widget_type=\"heading.default\">\n\t\t\t\t\t<h2 class=\"elementor-heading-title elementor-size-default\">Werdegang<\/h2>\t\t\t\t<\/div>\n\t\t\t\t<section class=\"elementor-section elementor-inner-section elementor-element elementor-element-f617f0a elementor-section-boxed elementor-section-height-default elementor-section-height-default wpr-particle-no wpr-jarallax-no wpr-parallax-no wpr-sticky-section-no wpr-equal-height-no\" data-id=\"f617f0a\" data-element_type=\"section\" data-e-type=\"section\">\n\t\t\t\t\t\t<div class=\"elementor-container elementor-column-gap-wider\">\n\t\t\t\t\t<div class=\"elementor-column elementor-col-50 elementor-inner-column elementor-element elementor-element-d7950e9\" data-id=\"d7950e9\" data-element_type=\"column\" data-e-type=\"column\" data-settings=\"{&quot;background_background&quot;:&quot;classic&quot;}\">\n\t\t\t<div class=\"elementor-widget-wrap elementor-element-populated\">\n\t\t\t\t\t\t<div class=\"elementor-element elementor-element-8805e75 elementor-widget elementor-widget-text-editor\" data-id=\"8805e75\" data-element_type=\"widget\" data-e-type=\"widget\" data-widget_type=\"text-editor.default\">\n\t\t\t\t\t\t\t\t\t<div id=\"nospace\" class=\"tm_pb_text tm_pb_module tm_pb_bg_layout_light tm_pb_text_align_left main-title tm_pb_text_0\"><h1><span style=\"color: #353189;\"><strong>Kilian Christanell \u2013 selbstsicher f\u00fchren, selbstbewusst leben<\/strong><\/span><\/h1><\/div><div class=\"tm_pb_text tm_pb_module tm_pb_bg_layout_light tm_pb_text_align_left tm_pb_text_1\"><h5><span style=\"color: #353189;\"><strong>Leadership Coach \u2013 Pers\u00f6nlichkeitstrainer \u2013 Moderator<\/strong><\/span><\/h5><\/div>\t\t\t\t\t\t\t\t<\/div>\n\t\t\t\t<div class=\"elementor-element elementor-element-b43b05d elementor-widget elementor-widget-text-editor\" data-id=\"b43b05d\" data-element_type=\"widget\" data-e-type=\"widget\" data-widget_type=\"text-editor.default\">\n\t\t\t\t\t\t\t\t\t<ul><li>Unternehmensberater einschlie\u00dflich Unternehmensorganisation, Marketing und Vertrieb<\/li><li>25 Jahre Erfahrung als F\u00fchrungskraft im Bereich Marketing, Kundenbetreuung und Vertrieb<\/li><li>Studium Betriebswirtschaft an der Wirtschaftsuniversit\u00e4t Wien<\/li><li>Auslandssemester University of Nebraska Omaha, USA<\/li><\/ul>\t\t\t\t\t\t\t\t<\/div>\n\t\t\t\t<div class=\"elementor-element elementor-element-e665177 elementor-widget elementor-widget-text-editor\" data-id=\"e665177\" data-element_type=\"widget\" data-e-type=\"widget\" data-widget_type=\"text-editor.default\">\n\t\t\t\t\t\t\t\t\t<p>Ich bin in Bozen, S\u00fcdtirol (Italien) geboren und aufgewachsen. Nach dem Besuch der Handelsakademie, hat es mich nach Wien (1989) gezogen. Der Grund daf\u00fcr war das Wirtschaftsstudium.<br \/><br \/><\/p><p>W\u00e4hrend meiner Studienzeit habe ich bereits nebenbei gearbeitet und dabei meine ersten beruflichen Erfahrungen in der Marktforschung gesammelt. Weitere Berufserfahrung habe ich dann in der Erste Bank im Qualit\u00e4tsmanagement erlangt. Im Jahr 1998 habe ich ein spannendes Jobangebot bei der \u00d6sterreichischen Computer Gesellschaft angenommen. Der Europ\u00e4ische Computer F\u00fchrerschein war kurz davor, in \u00d6sterreich ausgerollt zu werden. Dabei sollte ich einen sehr wesentlichen Anteil an der Erfolgsgeschichte des ECDL haben. Ich war 19 Jahre lang in vielen Bereichen, wie der Qualit\u00e4tssicherung, der Kundenbetreuung, dem Vertrieb sowie dem Marketing t\u00e4tig. Schon damals hat mich der Umgang mit den Mitarbeitern und auch mit Kunden sehr interessiert. Ich habe so viele unterschiedliche Menschen kennengelernt und daraus ist meine Passion entstanden, der ich heute nachgehe.<br \/><br \/><\/p><p>Bevor ich den Sprung in die berufliche Selbstst\u00e4ndigkeit gewagt habe, habe ich noch bei zwei weiteren Unternehmungen (IT-Security, Softwareentwicklung) als Partner Manager und Head of Sales gearbeitet.<br \/><br \/><\/p><p>Zu Jahresbeginn 2020 startete ich meine berufliche Selbstst\u00e4ndigkeit. In der Vorbereitung dazu bin ich geistig in meine Kindheit und Jugendzeit zur\u00fcckgekehrt und habe mich hineingef\u00fchlt. Viele tiefgr\u00fcndige Freundschaften sind damals entstanden, weil mir der Austausch mit dem Menschen so wichtig war und auch heute noch ist. Dieser Austausch hat mich so stark gepr\u00e4gt und dem bin ich dann speziell im Berufsleben t\u00e4glich wieder begegnet. Es waren die unz\u00e4hligen Gesch\u00e4ftsbeziehungen im bisherigen Businessleben, die so vielen Partnerschaften mit so vielen Kunden, die mir auch immer wieder von der Gegenseite best\u00e4tigt wurden, die mich bewegt und angetrieben haben, mich noch n\u00e4her damit zu besch\u00e4ftigen. Beratung und Verkauf waren so eng miteinander verstrickt. Auch das F\u00fchren von Mitarbeitern in meinen diversen Vertriebsteams hat ebenfalls dazu beigetragen, dass ich mein Einf\u00fchlungsverm\u00f6gen sowie meine Einzelwahrnehmung noch weiter steigern konnte. Diese vielen Erfahrungen und Expertisen bin ich heute bereit, mit meinen zuk\u00fcnftigen Kunden und Kundinnen zu teilen.<br \/><br \/><\/p><p>Heute lebe ich gr\u00f6\u00dftenteils in Wien. Ich bin verheiratet und habe 2 erwachsene Kinder, Sohn und Tochter.<br \/><br \/><\/p><p>Ich verbringe meine freie Zeit und Ferien am liebsten in den Dolomiten (S\u00fcdtirol).<\/p>\t\t\t\t\t\t\t\t<\/div>\n\t\t\t\t\t<\/div>\n\t\t<\/div>\n\t\t\t\t<div class=\"elementor-column elementor-col-50 elementor-inner-column elementor-element elementor-element-ce48bbe\" data-id=\"ce48bbe\" data-element_type=\"column\" data-e-type=\"column\" data-settings=\"{&quot;background_background&quot;:&quot;classic&quot;}\">\n\t\t\t<div class=\"elementor-widget-wrap elementor-element-populated\">\n\t\t\t\t\t\t<div class=\"elementor-element elementor-element-322d5e9 elementor-widget elementor-widget-spacer\" data-id=\"322d5e9\" data-element_type=\"widget\" data-e-type=\"widget\" data-widget_type=\"spacer.default\">\n\t\t\t\t\t\t\t<div class=\"elementor-spacer\">\n\t\t\t<div class=\"elementor-spacer-inner\"><\/div>\n\t\t<\/div>\n\t\t\t\t\t\t<\/div>\n\t\t\t\t\t<\/div>\n\t\t<\/div>\n\t\t\t\t\t<\/div>\n\t\t<\/section>\n\t\t\t\t\t<\/div>\n\t\t<\/div>\n\t\t\t\t\t<\/div>\n\t\t<\/section>\n\t\t\t\t<section class=\"elementor-section elementor-top-section elementor-element elementor-element-ee278ae elementor-section-content-middle elementor-section-stretched elementor-section-full_width elementor-section-height-default elementor-section-height-default wpr-particle-no wpr-jarallax-no wpr-parallax-no wpr-sticky-section-no wpr-equal-height-no\" data-id=\"ee278ae\" data-element_type=\"section\" data-e-type=\"section\" data-settings=\"{&quot;stretch_section&quot;:&quot;section-stretched&quot;,&quot;background_background&quot;:&quot;classic&quot;}\">\n\t\t\t\t\t\t<div class=\"elementor-container elementor-column-gap-no\">\n\t\t\t\t\t<div class=\"elementor-column elementor-col-100 elementor-top-column elementor-element elementor-element-209dd16\" data-id=\"209dd16\" data-element_type=\"column\" data-e-type=\"column\">\n\t\t\t<div class=\"elementor-widget-wrap elementor-element-populated\">\n\t\t\t\t\t\t<div class=\"elementor-element elementor-element-915a1c5 elementor-widget elementor-widget-spacer\" data-id=\"915a1c5\" data-element_type=\"widget\" data-e-type=\"widget\" data-widget_type=\"spacer.default\">\n\t\t\t\t\t\t\t<div class=\"elementor-spacer\">\n\t\t\t<div class=\"elementor-spacer-inner\"><\/div>\n\t\t<\/div>\n\t\t\t\t\t\t<\/div>\n\t\t\t\t\t<\/div>\n\t\t<\/div>\n\t\t\t\t\t<\/div>\n\t\t<\/section>\n\t\t\t\t<\/div>\n\t\t","protected":false},"excerpt":{"rendered":"<p>Werdegang Kilian Christanell \u2013 selbstsicher f\u00fchren, selbstbewusst leben Leadership Coach \u2013 Pers\u00f6nlichkeitstrainer \u2013 Moderator Unternehmensberater einschlie\u00dflich Unternehmensorganisation, Marketing und Vertrieb 25 Jahre Erfahrung als F\u00fchrungskraft im<span class=\"excerpt-hellip\"> [\u2026]<\/span><\/p>\n","protected":false},"author":1,"featured_media":0,"parent":0,"menu_order":0,"comment_status":"open","ping_status":"closed","template":"","meta":{"footnotes":""},"class_list":["post-91","page","type-page","status-publish","hentry"],"acf":[],"_links":{"self":[{"href":"https:\/\/christanell.2k-media.de\/de\/wp-json\/wp\/v2\/pages\/91","targetHints":{"allow":["GET"]}}],"collection":[{"href":"https:\/\/christanell.2k-media.de\/de\/wp-json\/wp\/v2\/pages"}],"about":[{"href":"https:\/\/christanell.2k-media.de\/de\/wp-json\/wp\/v2\/types\/page"}],"author":[{"embeddable":true,"href":"https:\/\/christanell.2k-media.de\/de\/wp-json\/wp\/v2\/users\/1"}],"replies":[{"embeddable":true,"href":"https:\/\/christanell.2k-media.de\/de\/wp-json\/wp\/v2\/comments?post=91"}],"version-history":[{"count":71,"href":"https:\/\/christanell.2k-media.de\/de\/wp-json\/wp\/v2\/pages\/91\/revisions"}],"predecessor-version":[{"id":1168,"href":"https:\/\/christanell.2k-media.de\/de\/wp-json\/wp\/v2\/pages\/91\/revisions\/1168"}],"wp:attachment":[{"href":"https:\/\/christanell.2k-media.de\/de\/wp-json\/wp\/v2\/media?parent=91"}],"curies":[{"name":"wp","href":"https:\/\/api.w.org\/{rel}","templated":true}]}}

<div data-elementor-type="wp-page" data-elementor-id="91" class="elementor elementor-91">
						<section class="elementor-section elementor-top-section elementor-element elementor-element-cbfc8b1 elementor-section-stretched elementor-section-boxed elementor-section-height-default elementor-section-height-default wpr-particle-no wpr-jarallax-no wpr-parallax-no wpr-sticky-section-no wpr-equal-height-no" data-id="cbfc8b1" data-element_type="section" data-e-type="section" data-settings="{&quot;stretch_section&quot;:&quot;section-stretched&quot;,&quot;background_background&quot;:&quot;classic&quot;}">
						<div class="elementor-container elementor-column-gap-wider">
					<div class="elementor-column elementor-col-100 elementor-top-column elementor-element elementor-element-680e8d1" data-id="680e8d1" data-element_type="column" data-e-type="column">
			<div class="elementor-widget-wrap elementor-element-populated">
						<div class="elementor-element elementor-element-4e59421 elementor-widget elementor-widget-heading" data-id="4e59421" data-element_type="widget" data-e-type="widget" data-widget_type="heading.default">
					<h2 class="elementor-heading-title elementor-size-default">Werdegang</h2>				</div>
				<section class="elementor-section elementor-inner-section elementor-element elementor-element-f617f0a elementor-section-boxed elementor-section-height-default elementor-section-height-default wpr-particle-no wpr-jarallax-no wpr-parallax-no wpr-sticky-section-no wpr-equal-height-no" data-id="f617f0a" data-element_type="section" data-e-type="section">
						<div class="elementor-container elementor-column-gap-wider">
					<div class="elementor-column elementor-col-50 elementor-inner-column elementor-element elementor-element-d7950e9" data-id="d7950e9" data-element_type="column" data-e-type="column" data-settings="{&quot;background_background&quot;:&quot;classic&quot;}">
			<div class="elementor-widget-wrap elementor-element-populated">
						<div class="elementor-element elementor-element-8805e75 elementor-widget elementor-widget-text-editor" data-id="8805e75" data-element_type="widget" data-e-type="widget" data-widget_type="text-editor.default">
									<div id="nospace" class="tm_pb_text tm_pb_module tm_pb_bg_layout_light tm_pb_text_align_left main-title tm_pb_text_0"><h1><span style="color: #353189;"><strong>Kilian Christanell – selbstsicher führen, selbstbewusst leben</strong></span></h1></div><div class="tm_pb_text tm_pb_module tm_pb_bg_layout_light tm_pb_text_align_left tm_pb_text_1"><h5><span style="color: #353189;"><strong>Leadership Coach – Persönlichkeitstrainer – Moderator</strong></span></h5></div>								</div>
				<div class="elementor-element elementor-element-b43b05d elementor-widget elementor-widget-text-editor" data-id="b43b05d" data-element_type="widget" data-e-type="widget" data-widget_type="text-editor.default">
									<ul><li>Unternehmensberater einschließlich Unternehmensorganisation, Marketing und Vertrieb</li><li>25 Jahre Erfahrung als Führungskraft im Bereich Marketing, Kundenbetreuung und Vertrieb</li><li>Studium Betriebswirtschaft an der Wirtschaftsuniversität Wien</li><li>Auslandssemester University of Nebraska Omaha, USA</li></ul>								</div>
				<div class="elementor-element elementor-element-e665177 elementor-widget elementor-widget-text-editor" data-id="e665177" data-element_type="widget" data-e-type="widget" data-widget_type="text-editor.default">
									<p>Ich bin in Bozen, Südtirol (Italien) geboren und aufgewachsen. Nach dem Besuch der Handelsakademie, hat es mich nach Wien (1989) gezogen. Der Grund dafür war das Wirtschaftsstudium.<br /><br /></p><p>Während meiner Studienzeit habe ich bereits nebenbei gearbeitet und dabei meine ersten beruflichen Erfahrungen in der Marktforschung gesammelt. Weitere Berufserfahrung habe ich dann in der Erste Bank im Qualitätsmanagement erlangt. Im Jahr 1998 habe ich ein spannendes Jobangebot bei der Österreichischen Computer Gesellschaft angenommen. Der Europäische Computer Führerschein war kurz davor, in Österreich ausgerollt zu werden. Dabei sollte ich einen sehr wesentlichen Anteil an der Erfolgsgeschichte des ECDL haben. Ich war 19 Jahre lang in vielen Bereichen, wie der Qualitätssicherung, der Kundenbetreuung, dem Vertrieb sowie dem Marketing tätig. Schon damals hat mich der Umgang mit den Mitarbeitern und auch mit Kunden sehr interessiert. Ich habe so viele unterschiedliche Menschen kennengelernt und daraus ist meine Passion entstanden, der ich heute nachgehe.<br /><br /></p><p>Bevor ich den Sprung in die berufliche Selbstständigkeit gewagt habe, habe ich noch bei zwei weiteren Unternehmungen (IT-Security, Softwareentwicklung) als Partner Manager und Head of Sales gearbeitet.<br /><br /></p><p>Zu Jahresbeginn 2020 startete ich meine berufliche Selbstständigkeit. In der Vorbereitung dazu bin ich geistig in meine Kindheit und Jugendzeit zurückgekehrt und habe mich hineingefühlt. Viele tiefgründige Freundschaften sind damals entstanden, weil mir der Austausch mit dem Menschen so wichtig war und auch heute noch ist. Dieser Austausch hat mich so stark geprägt und dem bin ich dann speziell im Berufsleben täglich wieder begegnet. Es waren die unzähligen Geschäftsbeziehungen im bisherigen Businessleben, die so vielen Partnerschaften mit so vielen Kunden, die mir auch immer wieder von der Gegenseite bestätigt wurden, die mich bewegt und angetrieben haben, mich noch näher damit zu beschäftigen. Beratung und Verkauf waren so eng miteinander verstrickt. Auch das Führen von Mitarbeitern in meinen diversen Vertriebsteams hat ebenfalls dazu beigetragen, dass ich mein Einfühlungsvermögen sowie meine Einzelwahrnehmung noch weiter steigern konnte. Diese vielen Erfahrungen und Expertisen bin ich heute bereit, mit meinen zukünftigen Kunden und Kundinnen zu teilen.<br /><br /></p><p>Heute lebe ich größtenteils in Wien. Ich bin verheiratet und habe 2 erwachsene Kinder, Sohn und Tochter.<br /><br /></p><p>Ich verbringe meine freie Zeit und Ferien am liebsten in den Dolomiten (Südtirol).</p>								</div>
					</div>
		</div>
				<div class="elementor-column elementor-col-50 elementor-inner-column elementor-element elementor-element-ce48bbe" data-id="ce48bbe" data-element_type="column" data-e-type="column" data-settings="{&quot;background_background&quot;:&quot;classic&quot;}">
			<div class="elementor-widget-wrap elementor-element-populated">
						<div class="elementor-element elementor-element-322d5e9 elementor-widget elementor-widget-spacer" data-id="322d5e9" data-element_type="widget" data-e-type="widget" data-widget_type="spacer.default">
							<div class="elementor-spacer">
			<div class="elementor-spacer-inner"></div>
		</div>
						</div>
					</div>
		</div>
					</div>
		</section>
					</div>
		</div>
					</div>
		</section>
				<section class="elementor-section elementor-top-section elementor-element elementor-element-ee278ae elementor-section-content-middle elementor-section-stretched elementor-section-full_width elementor-section-height-default elementor-section-height-default wpr-particle-no wpr-jarallax-no wpr-parallax-no wpr-sticky-section-no wpr-equal-height-no" data-id="ee278ae" data-element_type="section" data-e-type="section" data-settings="{&quot;stretch_section&quot;:&quot;section-stretched&quot;,&quot;background_background&quot;:&quot;classic&quot;}">
						<div class="elementor-container elementor-column-gap-no">
					<div class="elementor-column elementor-col-100 elementor-top-column elementor-element elementor-element-209dd16" data-id="209dd16" data-element_type="column" data-e-type="column">
			<div class="elementor-widget-wrap elementor-element-populated">
						<div class="elementor-element elementor-element-915a1c5 elementor-widget elementor-widget-spacer" data-id="915a1c5" data-element_type="widget" data-e-type="widget" data-widget_type="spacer.default">
							<div class="elementor-spacer">
			<div class="elementor-spacer-inner"></div>
		</div>
						</div>
					</div>
		</div>
					</div>
		</section>
				</div>

<p>Werdegang Kilian Christanell – selbstsicher führen, selbstbewusst leben Leadership Coach – Persönlichkeitstrainer – Moderator Unternehmensberater einschließlich Unternehmensorganisation, Marketing und Vertrieb 25 Jahre Erfahrung als Führungskraft im<span class="excerpt-hellip"> […]</span></p>
